prime number?
False
Is 7525493 composite?
False
Is 26627441 a composite number?
True
Is 7918683 a composite number?
True
Is 322397123 a prime number?
False
Is 47669291 composite?
False
Is 63677 a prime number?
False
Is 84550079 composite?
False
Is 17369663 prime?
False
Is 1356919 composite?
False
Is 10278713 a prime number?
False
Is 256980289 a prime number?
False
Is 373753 composite?
False
Is 1395859 a prime number?
True
Is 3520399 prime?
True
Is 8356987 a prime number?
False
Is 4561487 composite?
True
Is 11850365 a composite number?
True
Is 3326459 a prime number?
False
Is 12119447 a prime number?
True
Is 2947199 a prime number?
True
Is 1655021 prime?
True
Is 3060047 a prime number?
True
Is 62821 a composite number?
True
Is 337721 a prime number?
True
Is 14873497 a composite number?
False
Is 784993 a prime number?
False
Is 11587603 a composite number?
True
Is 35104859 a prime number?
True
Is 68938813 a composite number?
False
Is 14116133 a composite number?
False
Is 30884129 prime?
True
Is 40078219 composite?
False
Is 76604531 a prime number?
True
Is 139187 a composite number?
False
Is 35176061 a prime number?
True
Is 101375767 a composite number?
True
Is 46905041 a composite number?
False
Is 627177109 a prime number?
False
Is 349884257 a composite number?
True
Is 4815931 prime?
True
Is 27969185 a composite number?
True
Is 195094087 prime?
True
Is 162251 prime?
True
Is 74975709 prime?
False
Is 234667057 composite?
False
Is 126049569 composite?
True
Is 2997697 composite?
True
Is 19778929 a prime number?
False
Is 28078937 composite?
False
Is 5447093 composite?
True
Is 181808251 a composite number?
True
Is 8243633 prime?
True
Is 1037593003 a prime number?
False
Is 1981682 a composite number?
True
Is 164244569 a composite number?
True
Is 505738 a prime number?
False
Is 2128591 a prime number?
True
Is 31180753 composite?
True
Is 4736257 composite?
False
Is 475375129 a composite number?
False
Is 233269 composite?
True
Is 40554769 prime?
True
Is 47787589 prime?
False
Is 14941463 prime?
True
Is 3132881 prime?
True
Is 36890902 a composite number?
True
Is 24300403 prime?
True
Is 523297 composite?
False
Is 300122 a composite number?
True
Is 42181247 composite?
False
Is 112453949 prime?
True
Is 420559 a prime number?
False
Is 234240577 prime?
True
Is 809155 a composite number?
True
Is 9752153 composite?
False
Is 19459259 composite?
False
Is 126197387 a prime number?
False
Is 5464946 prime?
False
Is 70322909 composite?
False
Is 156196669 a prime number?
True
Is 22254299 prime?
False
Is 1268893 prime?
False
Is 28324655 prime?
False
Is 6080507 a composite number?
False
Is 35592149 a prime number?
False
Is 102714697 prime?
False
Is 8897299 a prime number?
True
Is 134336029 a composite number?
True
Is 22712297 a composite number?
False
Is 37291379 prime?
False
Is 64130533 composite?
False
Is 170021593 composite?
True
Is 2406029 a composite number?
False
Is 1675411 a composite number?
False
Is 232669369 prime?
True
Is 92054747 a composite number?
True
Is 35033223 a prime number?
False
Is 1777781 a prime number?
True
Is 296357 a composite number?
True
Is 199209247 a composite number?
True
Is 3231667 composite?
False
Is 3426703 prime?
False
Is 30114949 a prime number?
False
Is 6288091 composite?
True
Is 144355621 a composite number?
False
Is 3093887 prime?
True
Is 2324846 composite?
True
Is 1999909 a prime number?
False
Is 2565559 a prime number?
True
Is 17631395 a composite number?
True
Is 435559 prime?
True
Is 71948477 a composite number?
True
Is 1044671 a prime number?
False
Is 293005 prime?
False
Is 130244813 prime?
False
Is 24510763 a composite number?
True
Is 585689 a prime number?
False
Is 17470559 a prime number?
True
Is 90481 prime?
True
Is 89275309 a composite number?
False
Is 271389067 a composite number?
False
Is 20540827 a composite number?
False
Is 16618829 composite?
False
Is 67343743 composite?
False
Is 6381371 composite?
False
Is 221982107 composite?
True
Is 12713245 a prime number?
False
Is 968951 composite?
True
Is 413170871 a composite number?
True
Is 36685765 prime?
False
Is 52534379 composite?
False
Is 1751251 prime?
False
Is 702050701 composite?
True
Is 83811551 a composite number?
False
Is 430021 a prime number?
False
Is 111284039 a prime number?
False
Is 7581157 prime?
True
Is 28411738 composite?
True
Is 21243223 a prime number?
False
Is 696702439 prime?
True
Is 51193753 composite?
True
Is 2082341 prime?
True
Is 6893329 composite?
True
Is 8089823 a prime number?
False
Is 26290507 composite?
False
Is 4056274 composite?
True
Is 257389166 a composite number?
True
Is 37002181 a composite number?
False
Is 245447 prime?
False
Is 29348233 composite?
False
Is 10107577 a composite number?
True
Is 33978895 composite?
True
Is 13859099 composite?
True
Is 10780879 composite?
False
Is 102735847 composite?
False
Is 991555649 a prime number?
False
Is 112032319 prime?
False
Is 534221 prime?
False
Is 3786595 prime?
False
Is 4007123 prime?
True
Is 441613 prime?
True
Is 226770353 a composite number?
False
Is 944455 a composite number?
True
Is 2441759 prime?
True
Is 162006763 prime?
False
Is 9836543 composite?
False
Is 110415497 prime?
True
Is 19714945 prime?
False
Is 272644321 prime?
False
Is 6954341 prime?
True
Is 1529233 a composite number?
False
Is 12660523 a composite number?
False
Is 368911 composite?
False
Is 1226737 prime?
False
Is 24935693 composite?
True
Is 107330879 a composite number?
False
Is 23144741 a prime number?
False
Is 14432311 prime?
True
Is 7769633 a composite number?
False
Is 4679842 prime?
False
Is 1109179 prime?
False
Is 405077261 a composite number?
True
Is 917083 composite?
False
Is 34880927 composite?
False
Is 9770599 composite?
True
Is 2186718119 composite?
True
Is 554624493 a composite number?
True
Is 23743303 prime?
False
Is 1390093 a prime number?
False
Is 1920269019 prime?
False
Is 354239827 composite?
True
Is 2288459 composite?
True
Is 49430977 prime?
True
Is 119785691 composite?
False
Is 645313 a composite number?
False
Is 2316817 composite?
False
Is 1608083 a prime number?
True
Is 416131 composite?
True
Is 36452555 composite?
True
Is 26596247 a prime number?
True
Is 212607709 a prime number?
True
Is 43906183 composite?
False
Is 3584351 a composite number?
True
Is 185051 a composite number?
False
Is 14134129 composite?
False
Is 48336385 a prime number?
False
Is 443783159 composite?
False
Is 102396971 a composite number?
True
Is 250197982 prime?
False
Is 11185601 composite?
True
Is 49177333 a prime number?
True
Is 2919205 composite?
True
Is 22492187 prime?
False
Is 15873199 composite?
False
Is 22938901 a prime number?
True
Is 442789 a composite number?
False
Is 344929853 a prime number?
True
Is 38517482 a composite number?
True
Is 44920019 composite?
False
Is 5351131 composite?
False
Is 19042313 composite?
True
Is 421408957 a composite number?
True
Is 72962059 a composite number?
False
Is 2021377 prime?
True
Is 29869039 a composite number?
False
Is 762479 composite?
False
Is 21744887 a composite number?
True
Is 1344151 composite?
False
Is 63276467 a prime number?
False
Is 855772765 a composite number?
True
Is 223163331 composite?
True
Is 11584029 a prime number?
False
Is 749975623 a prime number?
True
Is 15786851 composite?
False
Is 4708799 a composite number?
True
Is 157437221 prime?
False
Is 8411149 a prime number?
True
Is 252169163 prime?
True
Is 92070359 composite?
False
Is 125731 a composite number?
False
Is 140544913 a composite number?
True
Is 1495679 prime?
False
Is 352739 a prime number?
True
Is 46024283 prime?
True
Is 34588019 prime?
True
Is 5517419 prime?
True
Is 39561521 a prime number?
True
Is 33416371 prime?
True
Is 801503 a composite number?
False
Is 17234131 composite?
False
Is 23023259 composite?
True
Is 762403 a prime number?
False
Is 87502351 a composite number?
False
Is 228903391 prime?
True
Is 1668847 prime?
True
Is 116184727 prime?
False
Is 802391561 a composite number?
False
Is 5697599 prime?
True
Is 4321627 a composite number?
False
Is 31307 a prime number?
True
Is 33848233 prime?
True
Is 350791523 a prime number?
True
Is 97632263 a prime number?
False
Is 121274323 prime?
False
Is 1021151 composite?
True
Is 4718587 composite?
True
Is 67794761 a prime number?
False
Is 314197539 a composite number